9))*9/1. Let f(c) = 12*c**3 - 5*c**2 - 12*c + 16. Let m(w) = -5*w**3 + 2*w**2 + 5*w - 8. Let p(x) = q*f(x) - 7*m(x). Determine p(0).
8
Suppose -4*h = 3*y - 32 + 10, 11 = 3*h + 5*y. Let w(d) = -d - 435 + 848 - 413 - 2*d + 5*d. Calculate w(h).
14
Let q(p) be the first derivative of -59 + 7/3*p**3 - 8*p - 1/4*p**4 - 3/2*p**2. Give q(6).
10
Let a(t) = 800*t + 805*t + 805*t + t**2 + 809*t - 3221*t - 2. Calculate a(4).
6
Let q(o) = o - 12. Let x(v) = -9*v - 14. Let u(l) = -5*l - 6. Let t = 43 + -54. Let p(j) = t*u(j) + 6*x(j). Let b(r) = -5*p(r) + 8*q(r). Give b(6).
12
Suppose 3*m - 7 = 2*m + d, m - 4*d = 22. Let f(g) = 427 - 220 - 215 - m*g. Calculate f(-5).
2
Let s(r) = -r**2 - 2*r. Let n be (0 - -1) + 176/(-22). Suppose 3*i - 2*q = -25, 3*i + 5 = q - 3*q. Let y = n - i. What is s(y)?
0
Let c(j) = -4*j**2 + 25*j + 12. Let v be (-18)/30*-10 + 1. Determine c(v).
-9
Let v(x) = 8*x. Let c(p) = -11 + 7*p**3 - 16*p**3 - 10*p + 8*p**3 - 9*p**2. Let i be c(-8). Let u be (-3 + 65/25)*i. Give v(u).
-16
Let j be (-5)/(-2) - ((-4901)/26)/(-13). Let m(d) = -2*d**3 - 24*d**2 + 9. Determine m(j).
9
Suppose -143*x + 3*y - 6 = -138*x, 5*x + 4*y + 62 = 0. Let d(p) = -4*p - 4. Determine d(x).
20
Let k(f) = 5*f**3 - 6*f**2 + 3*f - 1. Let v(y) = 6*y**3 - 6*y**2 + 4*y. Let i(l) = -5*k(l) + 4*v(l). Let m be (9 + (-225)/20)/((-3)/8). Determine i(m).
11
Let c(d) = 9*d**2 + 173*d + 39. Let l be c(-19). Let q(u) = 73*u**2 + u. What is q(l)?
74
Let w(v) = -286*v + 31 + 441*v - 445 - 213*v. Calculate w(-7).
-8
Let z be (-3 + (5 - 1))/(1/10). Let a(c) = c**2 - 9*c - 9. Let y be a(z). Let r(f) = -23*f + 1. What is r(y)?
-22
Let l(g) = 118*g + 183390 - 92439 - 92012. Calculate l(9).
1
Let t(f) = -17*f**3 - 8*f**2 - 35*f + 3. Let n(h) = -15*h**3 - 7*h**2 - 31*h + 3. Let x(u) = 8*n(u) - 7*t(u). Determine x(1).
-1
Let d(f) = -f**3 - 14*f**2 - 83*f - 236. Let l be d(-7). Let r(z) = 6*z**3 - 4*z**2 + 4*z - 1. Calculate r(l).
39
Let d be ((4/(-5))/2)/(5/25). Let r(m) be the first derivative of m**2/2 - m + 131. What is r(d)?
-3
Suppose 345*x + 1380 = 276*x. Let d(o) = 36*o + 711. What is d(x)?
-9
Let h(p) = 2*p**3 + 13*p - 13. Let u(m) = -5*m**3 - m**2 - 44*m + 36. Let j(k) = -8*h(k) - 3*u(k). Determine j(7).
-4
Let s(n) = 5*n + 3. Let o(p) = 14*p**2 - 3*p - 58. Let d be o(7). Suppose 0 = 59*r + 76 - d. What is s(r)?
48
Let d = -20595 - -20600. Let a(t) = -t**3 + 7*t**2 - 5*t - 3. Determine a(d).
22
Suppose -4*w = 2*c + c - 9, 5*c + 14 = 3*w. Suppose 8 = -10*r + 68. Let a(z) = -82 + 45 - r*z**2 + 36 - z. Give a(c).
-6
Suppose s - 2 = -9, 0 = -3*a + 2*s - 4. Let g(v) = -1. Let u(r) = r - 11. Let w(f) = 3*g(f) - u(f). Determine w(a).
14
Let r = -126 - -143. Suppose 11*c - r*c = -6. Let b(u) = -8*u + 1. Determine b(c).
-7
Suppose 24*y = 27*y - 5*d + 82, 0 = -5*d + 25. Let f(t) = t + 15. Give f(y).
-4
Let t(m) = m**2 + 11*m + 32. Let o be t(-4). Suppose 2 - 5 = -3*x. Let s(y) = -2 + y + 4*y - o*y - x. Determine s(7).
4
Let d(n) = -4 - 4*n + 7*n + 0*n - 4*n. Suppose -9*u - 9 = 18. What is d(u)?
-1
Let k(f) = f + 1. Let j(h) = 2*h**2 - 12*h - 18. Let s = 513 - 505. Let r be j(s). Calculate k(r).
15
Suppose -83*t - 16 = -2*o - 80*t, -5*o + 4*t + 54 = 0. Let b(j) = j**2 - 19*j + 33. Calculate b(o).
-37
Suppose 4*j - 12 = 2*n, 0*j + j = 4*n + 17. Let u(i) = -9*i + 2543. Let k(v) = -3*v - 424. Let m(l) = 6*k(l) + u(l). Calculate m(j).
-28
Let a(m) = -m**2 + 13*m - 26. Suppose 156*v - 2820 = -79*v. What is a(v)?
-14
Suppose h + 3*q = 26 - 31, q = 3*h + 65. Let t(v) = -v**2 - 12*v + 150. Give t(h).
-10
Let m(t) = -48*t + 190. Let d be m(4). Let u(w) = 10*w**2 + w - 4. Let r(x) = -10*x**2 - x + 5. Let o(h) = 3*r(h) + 4*u(h). Give o(d).
37
Let o(v) = 2*v - 1. Let t(u) = 6*u. Let j be t(-1). Let p be 3/12*30 + 3/j. Suppose p*q = -q + 32. What is o(q)?
7
Let y be (-2)/(11/((-99)/6)). Let r(c) = -y*c**2 - 11*c**2 + c + 12*c**2. Let d(g) = 2*g**2 - g - 1. Let a(n) = 2*d(n) + 3*r(n). Give a(-3).
-23
Let z(b) = 5*b**2 + 2*b - 7. Let l(k) = 9*k**2 + 3*k - 13. Let n(v) = -4*l(v) + 7*z(v). Suppose -520 = -176*a + 184. Determine n(a).
-5
Let y(b) = -b**2. Suppose -4*i + 6*i - 1272 = 0. Let g = i + -636. Determine y(g).
0
Let f(a) be the third derivative of -a**4/8 + a**3/3 + 5*a**2 - 6*a. Let w(y) = 9*y - 12. Let v(l) = 6*f(l) + w(l). What is v(1)?
-9
Suppose 0*w - 3272 = 8*w. Let l = -407 - w. Let j(c) = -3*c**2 + 2*c - 3. What is j(l)?
-11
Let f(g) = -g**3 - 4*g**2 + g. Let x be (2/(-4)*-2)/((-1)/19). Let q(h) = -3*h - 46. Let z be q(x). Suppose 23 = -5*y + 3*s, z*y + 21 = 6*y + s. Determine f(y).
-4
Let c(v) = -v**3 - 43*v**2 - 11*v - 461. Let d be c(-43). Let o(s) = -s**3 + 11*s**2 + 17*s + 9. Calculate o(d).
69
Suppose 18 = 2*b - 6*b - h, 4*h + 17 = -5*b. Let j(d) = -1373*d**2 - d**3 - 3 + 0*d + 3*d - 8 + 1369*d**2. What is j(b)?
-1
Suppose -15 - 30 = -3*t. Let c(q) = -56*q - 4 + 17*q + 26*q + t*q. Determine c(2).
0
Suppose -2*o = -6 - 2. Let b(q) = -q**3 + 3*q**2 + 3*q - 3. Let x be b(o). Let s(t) = 31892*t - 31884*t + 0 + t**2 + 3. What is s(x)?
-4
Let r(p) = -5 + 5 + 5 - p**2 - p + 2. Let m = 158 - 233. Let b be 3/12 - m/(-12). Calculate r(b).
-23
Let h(a) = -5*a**2 - 13*a - 16. Let c(w) = -14*w**2 - 38*w - 50. Let b(s) = -4*c(s) + 11*h(s). Calculate b(-7).
10
Let l(v) be the second derivative of v**5/20 + v**4/4 + v**3/6 + 342*v. Determine l(-3).
-3
Let g(a) = -3*a**2 - 48*a - 21. Suppose 5*o - 5*t + 40 = 0, -4*o - 4*t = 79 + 9. What is g(o)?
24
Let h(u) = -9*u - 5. Let d be (2/9)/(90/2430). Calculate h(d).
-59
Let b(g) = g**2 + 3*g + 5. Let c = 16 - 13. Suppose -c*o + 31 = -4*w, -2*w + 5*o - 4*o = 13. What is b(w)?
9
Suppose -7 = 3*q - 5 - 8. Let h(y) = -3*y**2 + 2*y + 1. Determine h(q).
-7
Let w be 3 - 24/9 - 248/(-3). Let r = w + 308. Let z(s) = s - 395 - 3*s + r. Determine z(4).
-12
Let o(c) be the first derivative of c**4/4 + 4*c**3/3 - 2*c**2 + 3*c + 249. Determine o(-5).
-2
Let v(l) = 14*l - 79. Suppose 7*b - 734 = -692. Calculate v(b).
5
Suppose 20 = -14*f - 22. Let m be (-570)/(-42) + -2 + f/(-7). Let d(p) = p**2 - 12*p + 3. Give d(m).
3
Let c(u) = -154*u - 160*u + 472*u - 156*u - 26. What is c(12)?
-2
Suppose 0 = -2*t - 17 + 51. Let c(z) = 13*z**2 - 29*z - 28. Let g(q) = 236*q**2 - 524*q - 510. Let n(s) = -109*c(s) + 6*g(s). Calculate n(t).
-8
Let a(d) be the second derivative of 1/6*d**3 - 3*d + 3*d**2 + 0. Suppose 2*u - 30 = 5*c, 8*u - 36 = 4*c + 4*u. Determine a(c).
2
Let n(k) = -17*k**2 + 19*k + 130. Let f(a) = -4*a**2 + 5*a + 33. Let c(m) = 9*f(m) - 2*n(m). What is c(9)?
-62
Suppose 146*k - 90 = 2100. Let g(i) = i**3 - 15*i**2 + 3*i - 20. Calculate g(k).
25
Suppose -34*i = -6*i + 224. Let s(j) = j**3 + 7*j**2 - 8*j - 14. Give s(i).
-14
Suppose 0*i = -2*i. Suppose i = 4*a - 6*a + 16. Let k(z) = -a*z - 4 + 9*z + 5. Determine k(-6).
-5
Suppose -247 = 66*a - 79*a. Suppose a*t - 5 = 20*t. Let k(z) = 2*z**2 + 6*z - 6. Determine k(t).
14
Suppose 4*f - 2672 = 4*x, 1338 = 2*f + 6*x - 9*x. Suppose 2*i + f = -4*i. Let n = i - -108. Let w(g) = -g**3 - 4*g**2 - 2*g - 3. What is w(n)?
-6
Let h(x) = x + 3. Let m(b) = 3*b + 8. Let z be m(3). Suppose 8*j - 15 - z = 0. Suppose -3*q - 15 = -j*n, n + 15 = -n - 3*q. Give h(n).
3
Let o = 228 + -223. Let w(f) = -2*f**2 + 0*f + 2*f + o*f**2 - 4*f**2 + 1. Determine w(6).
-23
Suppose 4*t + 2*x + 4 = 0, -4*t - 11 = -x - 1. Let q be t/(-6) - (-70)/(-180)*6. Let r(a) = 5*a**2 + a + 2. Determine r(q).
20
Let v(c) be the first derivative of -c**4/4 - 2*c**3 - 4*c**2 - 5*c - 1. Suppose 1441*n = 1436*n - 25. Determine v(n).
10
Suppose g = -s + 5 + 6, 2*g = -3*s + 29. Let b(k) = -4*k**2 - 7 + 6*k + k**3 - 3*k**2 + 5*k - 11*k + 7*k - 6*k. Determine b(s).
0
Let v be -1 - 5/(15/12). Let i(c) be the second derivative of 1/12*c**4 + 0 + 5/6*c**3 - 7/2*c**2 - c. Calculate i(v).
-7
Let n(d) = d**2 + d. Let x be (207/6)/((-27)/(-36)). Suppose -6*r + x = -2. Suppose -c + 12 = r. What is n(c)?
20
Let k = -115 + 141. Let q(a) be the first derivative of 19*a**2 + 19*a**2 + k*a**2 - 8 - 72*a**2 + a. Calculate q(1).
-15
Let o(a) = -146*a - 14. Let t(k) = -65*k - 7. Let w(r) = 4*o(r) - 9*t(r). Suppose 6 + 4 = -5*u. Let c = u - 11. What is w(c)?
-6
Let y be (0 + -3)*(-20)/(-30). Let w(n) be the second derivative of -4*n**3/3 - n**2/2 + 184*n - 8. What is w(y)?
15
Let z(h) be the